{"id":249,"date":"2019-10-12T18:34:22","date_gmt":"2019-10-12T18:34:22","guid":{"rendered":"http:\/\/oliwka.hosting24.pl\/?page_id=249"},"modified":"2020-12-16T21:16:06","modified_gmt":"2020-12-16T21:16:06","slug":"misterium","status":"publish","type":"page","link":"http:\/\/oliwka.hosting24.pl\/index.php\/misterium\/","title":{"rendered":""},"content":{"rendered":"\n<figure class=\"wp-block-image size-large is-style-default\"><img loading=\"lazy\" width=\"542\" height=\"360\" src=\"http:\/\/oliwka.hosting24.pl\/wp-content\/uploads\/2019\/10\/cropped-misterium-bez-t\u0142a.png\" alt=\"\" class=\"wp-image-454\" srcset=\"http:\/\/oliwka.hosting24.pl\/wp-content\/uploads\/2019\/10\/cropped-misterium-bez-t\u0142a.png 542w, http:\/\/oliwka.hosting24.pl\/wp-content\/uploads\/2019\/10\/cropped-misterium-bez-t\u0142a-300x199.png 300w\" sizes=\"(max-width: 542px) 100vw, 542px\" \/><\/figure>\n\n\n\n<p>Ten spektakl jest naszym jednoznacznym \u015bwiadectwem wiary i wyrazem mi\u0142osnej fascynacji Osob\u0105 Jezusa oraz wyrazem podziwu dla tradycji i sztuki chrze\u015bcija\u0144skiej. W przedstawieniu \u0142\u0105czy si\u0119 literatura czterech Ewangelii z plastyk\u0105 wschodnio-chrze\u015bcija\u0144skiej ikony i muzyk\u0105 katolickich tradycji \u015bpiewaczych.<\/p>\n\n\n\n<p><\/p>\n\n\n\n<figure class=\"wp-container-2 wp-block-gallery-1 wp-block-gallery columns-3 is-cropped\"><ul class=\"blocks-gallery-grid\"><li class=\"blocks-gallery-item\"><figure><img loading=\"lazy\" width=\"1477\" height=\"1018\" src=\"http:\/\/oliwka.hosting24.pl\/wp-content\/uploads\/2020\/09\/06-1024x706.jpg\" alt=\"\" data-id=\"486\" data-full-url=\"http:\/\/oliwka.hosting24.pl\/wp-content\/uploads\/2020\/09\/06.jpg\" data-link=\"http:\/\/oliwka.hosting24.pl\/index.php\/misterium\/attachment\/06\/\" class=\"wp-image-486\" srcset=\"http:\/\/oliwka.hosting24.pl\/wp-content\/uploads\/2020\/09\/06-1024x706.jpg 1024w, http:\/\/oliwka.hosting24.pl\/wp-content\/uploads\/2020\/09\/06-300x207.jpg 300w, http:\/\/oliwka.hosting24.pl\/wp-content\/uploads\/2020\/09\/06-768x529.jpg 768w, http:\/\/oliwka.hosting24.pl\/wp-content\/uploads\/2020\/09\/06.jpg 1477w\" sizes=\"(max-width: 1477px) 100vw, 1477px\" \/><\/figure><\/li><li class=\"blocks-gallery-item\"><figure><img loading=\"lazy\" width=\"1024\" height=\"699\" src=\"http:\/\/oliwka.hosting24.pl\/wp-content\/uploads\/2020\/09\/07-1024x699.jpg\" alt=\"\" data-id=\"487\" data-full-url=\"http:\/\/oliwka.hosting24.pl\/wp-content\/uploads\/2020\/09\/07.jpg\" data-link=\"http:\/\/oliwka.hosting24.pl\/index.php\/misterium\/07-2\/\" class=\"wp-image-487\" srcset=\"http:\/\/oliwka.hosting24.pl\/wp-content\/uploads\/2020\/09\/07-1024x699.jpg 1024w, http:\/\/oliwka.hosting24.pl\/wp-content\/uploads\/2020\/09\/07-300x205.jpg 300w, http:\/\/oliwka.hosting24.pl\/wp-content\/uploads\/2020\/09\/07-768x524.jpg 768w, http:\/\/oliwka.hosting24.pl\/wp-content\/uploads\/2020\/09\/07.jpg 1480w\" sizes=\"(max-width: 1024px) 100vw, 1024px\" \/><\/figure><\/li><li class=\"blocks-gallery-item\"><figure><img loading=\"lazy\" width=\"895\" height=\"1024\" src=\"http:\/\/oliwka.hosting24.pl\/wp-content\/uploads\/2020\/09\/do-oferty-895x1024.jpg\" alt=\"\" data-id=\"488\" data-full-url=\"http:\/\/oliwka.hosting24.pl\/wp-content\/uploads\/2020\/09\/do-oferty.jpg\" data-link=\"http:\/\/oliwka.hosting24.pl\/index.php\/misterium\/do-oferty\/\" class=\"wp-image-488\" srcset=\"http:\/\/oliwka.hosting24.pl\/wp-content\/uploads\/2020\/09\/do-oferty-895x1024.jpg 895w, http:\/\/oliwka.hosting24.pl\/wp-content\/uploads\/2020\/09\/do-oferty-262x300.jpg 262w, http:\/\/oliwka.hosting24.pl\/wp-content\/uploads\/2020\/09\/do-oferty-768x878.jpg 768w, http:\/\/oliwka.hosting24.pl\/wp-content\/uploads\/2020\/09\/do-oferty-1343x1536.jpg 1343w, http:\/\/oliwka.hosting24.pl\/wp-content\/uploads\/2020\/09\/do-oferty-1791x2048.jpg 1791w, http:\/\/oliwka.hosting24.pl\/wp-content\/uploads\/2020\/09\/do-oferty-1024x1171.jpg 1024w, http:\/\/oliwka.hosting24.pl\/wp-content\/uploads\/2020\/09\/do-oferty-944x1080.jpg 944w, http:\/\/oliwka.hosting24.pl\/wp-content\/uploads\/2020\/09\/do-oferty.jpg 1948w\" sizes=\"(max-width: 895px) 100vw, 895px\" \/><\/figure><\/li><\/ul><\/figure>\n","protected":false},"excerpt":{"rendered":"<p>Ten spektakl jest naszym jednoznacznym \u015bwiadectwem wiary i wyrazem mi\u0142osnej fascynacji Osob\u0105 Jezusa oraz wyrazem podziwu dla tradycji i sztuki chrze\u015bcija\u0144skiej. W przedstawieniu \u0142\u0105czy si\u0119 literatura czterech Ewangelii z plastyk\u0105 wschodnio-chrze\u015bcija\u0144skiej ikony i muzyk\u0105 katolickich tradycji \u015bpiewaczych.<\/p>\n","protected":false},"author":1,"featured_media":0,"parent":0,"menu_order":0,"comment_status":"closed","ping_status":"closed","template":"","meta":[],"_links":{"self":[{"href":"http:\/\/oliwka.hosting24.pl\/index.php\/wp-json\/wp\/v2\/pages\/249"}],"collection":[{"href":"http:\/\/oliwka.hosting24.pl\/index.php\/wp-json\/wp\/v2\/pages"}],"about":[{"href":"http:\/\/oliwka.hosting24.pl\/index.php\/wp-json\/wp\/v2\/types\/page"}],"author":[{"embeddable":true,"href":"http:\/\/oliwka.hosting24.pl\/index.php\/wp-json\/wp\/v2\/users\/1"}],"replies":[{"embeddable":true,"href":"http:\/\/oliwka.hosting24.pl\/index.php\/wp-json\/wp\/v2\/comments?post=249"}],"version-history":[{"count":6,"href":"http:\/\/oliwka.hosting24.pl\/index.php\/wp-json\/wp\/v2\/pages\/249\/revisions"}],"predecessor-version":[{"id":552,"href":"http:\/\/oliwka.hosting24.pl\/index.php\/wp-json\/wp\/v2\/pages\/249\/revisions\/552"}],"wp:attachment":[{"href":"http:\/\/oliwka.hosting24.pl\/index.php\/wp-json\/wp\/v2\/media?parent=249"}],"curies":[{"name":"wp","href":"https:\/\/api.w.org\/{rel}","templated":true}]}}